*x + 2*p - 12, 6*x - p + 1 = 2*x. Let s(f) = 22*f - 1. Let r be s(x). Let w(m) = -r*m + 1 - 3 + 22*m. Determine w(3).
1
Let g(y) = y**3 - 2*y**2 + y - 2. Let b(f) = 15*f**3 - 16*f**3 - f**2 - 12 + 8*f**2 + 10*f. Let c be b(8). Suppose 4*w - 4 = c. Calculate g(w).
0
Let w(j) = 5*j**2 - j. Suppose 29*x - 30*x = -s - 7, -2*x + 5*s + 20 = 0. Suppose x*o - 18 = -5*y - 8, y + 5*o = 18. Give w(y).
22
Let a(f) = -f**3 + 27*f**2 - 67*f + 418. Let s be a(25). Let m(q) = -q**2 - 11*q. Calculate m(s).
28
Let q(j) = -j**2 + 4 + 5*j + 2 + 5*j. Let v(f) = -f**2 + 2*f + 11. Let m be v(4). Let o(n) = 13*n - 29. Let a be o(m). What is q(a)?
6
Suppose -5*a + 10 = 0, -3*q + q = 4*a. Let p be 6/q*(-2)/3. Let v(t) be the first derivative of 5*t**2/2 - 1. Calculate v(p).
5
Let s = 20 - 2. Suppose 2*n - 5*n + s = 0. Let w(o) = 7*o**2 - 8*o + 5. Let u(f) = 12*f**2 - 16*f + 10. Let h(p) = -3*u(p) + 5*w(p). Calculate h(n).
7
Let c(a) = -3*a**3 + 3*a**2 + 2*a - 1. Let j(p) = -p**2 + 13*p - 28. Let u be j(10). Let m be c(u). Let k(h) = -h**3 - 10*h**2 - 10*h - 7. Calculate k(m).
2
Let t(z) = -z**3 - 17*z**2 + 37*z - 13. Let y(a) = 101*a + 385. Let b be y(-4). Calculate t(b).
6
Let d(i) = 3 - 9 - i + 2. Let j be d(-9). Suppose j*t - 32 = -2*z, 4*t - 2*t - 8 = 0. Let x(l) = -l**3 + 7*l**2 - 6*l + 4. Give x(z).
4
Let o(r) be the third derivative of -r**5/60 - r**4/6 - 5*r**3/3 - 4204*r**2. Calculate o(6).
-70
Let d(s) = 129 + 89*s - s**2 + 35 + 2*s**2 - 57 - 59*s. Calculate d(-26).
3
Let q(p) = -5*p - 58. Let i be q(-12). Let h(s) = i*s - 1 + 7*s - 1 - 15 - 8*s. Determine h(12).
-5
Let p(l) = -330*l**3 + 0*l**2 + 329*l**3 + 4*l**2 + 4*l - 2. Let a = -215 - -219. Give p(a).
14
Let s be (-6 - (-240)/36)*(3*2)/1. Let f(o) be the second derivative of 0 - 2*o + 1/2*o**2 + 1/6*o**3 + 1/12*o**s. Give f(-1).
1
Let i = -7670 + 7672. Let t(g) be the first derivative of g - 3*g**i + 1/4*g**4 + 12 - 2/3*g**3. Determine t(4).
9
Let v(n) be the second derivative of -n**4/12 - 22*n**3/3 + 68*n**2 - 8416*n. Calculate v(-47).
-5
Let r(s) = -2*s - 1. Let m be ((-3)/15)/((-1)/(-5)). Let x(v) = v**2 + 9*v - 12. Let a(h) = m*x(h) - r(h). Give a(-9).
-5
Let d(g) = 7*g - 39. Let z be d(6). Suppose -5*v + 2*v + 12 = 0. Let c(q) = -v*q + 5*q - z*q + 3*q - 8. Determine c(8).
0
Let b(i) = 4*i + 11. Suppose 159*g + 329 = 166*g. Suppose 3*n - o - 15 = 0, g*o - 48*o = -n + 5. What is b(n)?
31
Suppose -6*l + 312 = 6*l. Let s(t) = -t + 30. Let f be s(l). Let p(u) = -u**3 + 4*u**2 + 2*u - 1. What is p(f)?
7
Let o(v) = 3*v**3 - 3*v**2 + 25*v - 21. Let p be o(1). Let t(r) be the second derivative of 0 + 2/3*r**3 + p*r + r**2. Determine t(3).
14
Let d(w) = -w**3 + 3*w**2 + 6. Let o(x) = -x**3 - 21*x**2 - 3*x - 60. Suppose 0 = -3*z - 5*p - 83, -7*z = -6*z + p + 25. Let a be o(z). Calculate d(a).
6
Suppose -3*k - 7 = -4*k. Let v be (k - (-1 + 5))*3*1. Let z(o) = 4*o**2 + 31*o - 1. Let b(c) = -c**2 - 10*c. Let w(g) = -7*b(g) - 2*z(g). Determine w(v).
-7
Let k(y) = -3158*y - 3163*y + 6322*y + y**3 + 6 + 24. What is k(0)?
30
Let k(h) = 17*h - 6*h + 45*h**2 - 29*h**2 - 10*h + 21 - 2*h**3 - 3*h. Determine k(8).
5
Let o(i) be the third derivative of -2*i**2 + 57*i - 1/24*i**4 + 2/3*i**3 + 0. What is o(4)?
0
Let b(x) = -5*x**2 + 3*x - 3. Let t(o) = 4*o**2 - 3*o + 2. Let v(w) = -3*b(w) - 4*t(w). Suppose -12*r + 66*r - 416 = -50*r. Calculate v(r).
-3
Suppose -34 = -8*l - 82. Let n(t) = -20*t + 34. Let w(h) = 7*h - 12. Let s(o) = l*n(o) - 17*w(o). Give s(5).
5
Let t = 38 - 22. Let u(r) = -2199 + 2199 + 2*r**2 - r - t*r**3. Let q be (-44)/154 + (-18)/(-14). Give u(q).
-15
Let j be (-6)/10 + 3285/225. Let f(h) = -h**3 + 14*h**2 + 4*h - 44. What is f(j)?
12
Suppose -20 = -4*l - 0*l. Let h(b) be the second derivative of -b**4/8 + 7*b**3/6 - 525*b**2/2 + 400*b. Let w(r) be the first derivative of h(r). Give w(l).
-8
Let r(l) be the first derivative of l**3/3 - 15*l**2/2 + l - 455. Determine r(11).
-43
Let j(k) = -k. Let x(v) = 2*v - 1. Let i(p) = 10*j(p) + 4*x(p). Let l(y) = -y**3 + 15*y + 14. Let q be l(-3). What is i(q)?
4
Let w(n) = 13*n**3 - 3*n**2 - 2*n. Suppose -2*i - 4*g - 18 = -38, i + 26 = 4*g. What is w(i)?
-112
Let m(t) be the first derivative of -t**4/12 - 2*t**3/3 + 4*t**2 + 144*t + 181. Let b(l) be the first derivative of m(l). Determine b(-6).
-4
Suppose 338*t + 240 = 98*t. Let c(g) = -14*g**2 - 4*g - 2. What is c(t)?
-12
Let u(w) = -w + 4*w - 2*w + 2*w**2 + 3 + 2*w. Suppose 28*g - 25*g = 3*r + 6, 0 = 2*r - g - 1. Give u(r).
30
Let k = 17 + -7. Let z(q) = 356985*q - 9 - 356974*q - 9*q**2 + 8*q**2. Determine z(k).
1
Let n(d) = d**2 + d. Let x(t) = 2*t + 20. Let g be x(-11). Let a be n(g). Let c(k) = 5*k**3 - 14*k**2 + 0*k**3 - 1 + 15*k**a - k. Give c(-1).
-4
Let u(r) = 4*r**2 + 11*r - 21. Let s be u(-8). Suppose -s + 21 = -18*z. Let j(d) = -d - 5. What is j(z)?
-12
Let h be ((-28)/(-5) + -6)/(3/(-30)). Suppose -5*r + 4*n = 3, -h*r - 3*n + 10 = -0*n. Let b(d) = d - 1. Determine b(r).
0
Let o(a) be the first derivative of -a**4/4 + a**3/3 - 2*a**2 - 2*a - 5096. Determine o(4).
-66
Let c(g) be the second derivative of -g**4/12 + 13*g**3/6 - 8*g**2 - 1508*g. Calculate c(10).
14
Let h(o) = -o - 20. Let c = -37757 - -37771. Calculate h(c).
-34
Let p(x) = x**3 + 6*x**2 - 12*x - 17. Suppose i + 18 = -3*z, 5*z - 2*z = 4*i - 33. Calculate p(z).
18
Suppose -110 = -44*u - 22. Let a(q) = -445*q**2 - 447*q**2 + 1784*q**2 - 448*q**u - 447*q**2. Give a(-3).
-27
Let v(h) be the first derivative of -h**4/4 - 2*h**3/3 - 2*h**2 - 17*h - 3703. Give v(0).
-17
Let w(y) be the first derivative of y**6/360 + y**5/60 - y**4/8 - 53*y**3 + 140. Let n(c) be the third derivative of w(c). What is n(-3)?
0
Suppose -359 = -104*f + 577. Let j(i) = i**3 - 7*i**2 - 4*i - 17. Give j(f).
109
Let k(f) = f**2 - 3 + 7*f + 0 - 7*f**2 + f**3 - 1. Let o be 2 - (-8 + -3 + 8). Give k(o).
6
Let q(f) = 11*f - 6. Suppose 0 = 18*k - 71 - 19. Give q(k).
49
Let d(s) = -6*s**2 - 22*s - 70. Let w(p) = -5*p**2 - 19*p - 55. Let b(q) = 4*d(q) - 5*w(q). Let k(y) = -2*y + y + 0 - 2. Let a be k(6). What is b(a)?
3
Let n(y) = 32*y**3 + 3*y + 2. Let c = -6951 - -6950. Calculate n(c).
-33
Suppose -23 = s - 21. Suppose -3*b + 4*h + 6 = -24, 27 = 2*b - 5*h. Let w(k) = b*k + k + 4 - 2 + 1. Calculate w(s).
-11
Suppose 6*g = 3*g - 12. Let f = 56 - -31. Let q(k) = f*k + 1 + 0 + 88*k - 173*k. Calculate q(g).
-7
Let o be 1/(2 - (-135)/(-65)). Let h = 18 + o. Let t(g) = 5*g**2 + h*g**2 - 6 + 5*g**2 - 14*g**2 - 7*g. Determine t(7).
-6
Let a(b) = 22*b + 14 - 5*b**2 - 8*b + 17*b + b**2. Let v(p) = -p**2 + 10*p + 5. Let f be ((-2)/6)/((-7)/(-147)). Let i(l) = f*v(l) + 2*a(l). Determine i(-8).
-7
Let o(q) be the first derivative of q**3 - 2*q**2 + 2*q + 499. Let s(h) = 2*h + 23. Let l be s(-10). Give o(l).
17
Suppose -w + 25 = -5*b, 4*w - 43 = 3*b - 11. Suppose -5*t - 7 = -j - 0*t, -7 = -w*j - 3*t. Let f(u) = -j - 4*u - 4 + 3*u. Determine f(0).
-6
Let i(a) = -a**2 + 8*a + 10. Let b be 1/(-16) + (-1740)/(-192). Determine i(b).
1
Let k = -8 - -11. Let h(z) = 172*z - 156. Let r(x) = -39*x + 35. Let f(o) = -5*h(o) - 22*r(o). Determine f(k).
4
Let q(i) = i**2 - i. Let r(o) = -5 - 6*o**2 + 2*o - 2*o. Let g(v) = -5*q(v) - r(v). Let z be ((12/18)/(21/9))/(5/(630/(-9))). Give g(z).
1
Let s(n) be the first derivative of 5/3*n**3 + 13 + 1/2*n**2 - n. Suppose 8 = 4*a - 0*a. Give s(a).
21
Let r(o) = -3*o**2 - 12*o + 8. Let h = 326 + -322. Let z(a) = 8*a**2 + 34*a - 22. Let g(q) = h*z(q) + 11*r(q). Calculate g(4).
0
Let z(a) = -5*a**2 + 10*a + 3. Let q = -9636 + 9632. Let h(x) be the third derivative of x**5/60 - x**3/6 - x**2. Let v(s) = q*h(s) - z(s). Give v(7).
-20
Let l(n) = 1 - 2*n + 9*n - 4 + 4. Let h(m) = -2*m + 49. Let z be h(26). Let t be z - ((-45)/20 - 2/(-8)). Determine l(t).
-6
Let g(i) = -34*i + 38. Let y be g(-1). Suppose -228*r - y = -222*r. Let c(a) = a**2 + 11*a. Give c(r).
12
Suppose -u = -2*t - 12, -3*u + 16 = -t - 0*t. Suppose u*d = j - 5, -5*j + 3*d + d - 7 = 0. Let o(l) = 6 + 2*l**2 + l + 2 + l - 10. Give o(j).
10
Let a(t) be the second derivative of 5*t**3/6 + 55*t**2/2 - 1511*t. Determine a(-10).
5
Let z(u) = -4*u + 19. Let q(k) = 36*k - 3486. Let b be q(97). Calculate z(b).
-5
Let f = 11635 - 11640. Let i(y) = -y**2 - 14*y - 34. What is i(f)?
11
Let f(a) = a**3 - 6*a**2 -